vided by 13?
11
Let q(a) = -3*a**3 - 15*a**2 - 5*a + 3. Calculate the remainder when 52 is divided by q(-5).
24
Let y = -22 - -80. Let w = y - 16. Suppose q + 2*q - w = 0. What is the remainder when q is divided by 5?
4
Let l(o) = -9 - 4 - 59*o + 63*o. Let w be l(10). Let f = w - -13. Calculate the remainder when f is divided by 14.
12
Suppose 0*o + 5*o + 4*z = 3, 0 = -z - 3. Suppose 0 = -o*y - y + 20. Suppose 7790*g + 44 = 7798*g - 52. What is the remainder when g is divided by y?
2
Let a = 74 - 41. Let z be ((-18)/(-4))/((-6)/8). Let s(t) = t**3 + 5*t**2 - 8*t + 5. Calculate the remainder when a is divided by s(z).
16
Let v(m) = -2*m - 6. Calculate the remainder when (76/(-14) - 34/(-17))*-14 is divided by v(-8).
8
Let v be 52/(-8)*(5 - 7). Let p be (2 + -74)/((-2)/v). Calculate the remainder when 76 is divided by (p/90)/((-1)/(-5)).
24
Suppose -7171 = -12*k - 2179. Calculate the remainder when k is divided by 38.
36
Let x(j) = 4*j**2 + 21*j - 37. Let d(k) = -k**2 + 1. Let y(q) = -5*d(q) - x(q). Calculate the remainder when 33 is divided by y(20).
9
Suppose b = -3*b + 224. Suppose 0*u - 2*u = -3*k - b, 0 = -3*u - 5*k + 103. Let w = 4 - -4. What is the remainder when u is divided by w?
7
Suppose -627 = -40*i - 67. Let n(g) = g**2 + 3*g - 6. Let k be n(-5). Suppose 2*c = k*c - 78. Calculate the remainder when c is divided by i.
11
Suppose 0*f - f = -2*q - 60, 0 = -3*f - 5*q + 213. What is the remainder when f is divided by (-1)/12*-4*51?
15
Let p(i) = -i**3 + 11*i**2 - 9*i - 10. Let l be p(10). Suppose 5*r - 31 - 69 = l. Suppose b = -9 + r. What is the remainder when 30 is divided by b?
8
Let y(l) = -6*l**3 + 5*l**2 + l + 71. Calculate the remainder when 148 is divided by y(0).
6
Let b = -2164 - -2213. Calculate the remainder when b is divided by 44.
5
Suppose 903*f + 32 = 907*f. Calculate the remainder when 46 is divided by f.
6
Suppose 0 = 4*x + 3*c + 31, -3*x - 3*c - 23 = -x. Let i = -6 - -8. What is the remainder when x/(i/(-2) + -1) is divided by 1?
0
Let c(t) = 25*t - 49. Calculate the remainder when 203 is divided by c(4).
50
Let n(f) = -2*f - 6. Let c be n(-5). Suppose -2*s + 12 = -c. Suppose -3*a = 0, -17*a + 20*a + 124 = 4*v. What is the remainder when v is divided by s?
7
Let f be 0/(-4) + (0 - -1) + -21. Calculate the remainder when 27 is divided by ((-108)/90)/(3/f).
3
Suppose 0 = 2*p - 4 - 14. Let i(x) = 2*x**2 - 34*x - 12. Calculate the remainder when i(18) is divided by p.
6
What is the remainder when 139 is divided by -11 + 33 - 1*9?
9
Let a(g) = -564*g - 4. Let q be a(-1). Suppose -2*o + q = 3*o. What is the remainder when o is divided by 19?
17
Suppose 27*y - 1553 = -554. Calculate the remainder when 504 is divided by y.
23
What is the remainder when ((-1180)/15 - 0)*54/(-24) is divided by 38?
25
Let k = 647 + -634. What is the remainder when 609 is divided by k?
11
What is the remainder when 158 is divided by 5/10*(300*1)/6?
8
Suppose -18*g - 1006 + 1240 = 0. Calculate the remainder when 324 is divided by g.
12
Suppose 0 = 3*v - 9 - 165. Let f(t) = t**2 - 7*t + 3. Let c be f(4). Calculate the remainder when v is divided by (-81)/c + (2 - (-2)/2).
10
Calculate the remainder when 1949/7 - 6/(-42)*-3 is divided by 35.
33
Suppose 0 = 2*i - 7*i + 5, -i = -2*o + 29. Suppose -o*a + 4*a = -121. What is the remainder when a is divided by 7?
4
Let j(n) = -n**3 + 8*n**2 + 9*n + 13. Let o(z) = z**2. Let s be o(3). Let b = -3 - -7. What is the remainder when j(s) is divided by b?
1
Let y(m) = -6*m + 6. Let a be y(-3). Suppose 5*v = v + a. Calculate the remainder when 21 is divided by v.
3
Suppose 1 = o + 5. What is the remainder when ((-12)/(-4))/6 + (-94)/o is divided by 6?
0
Let x(j) = -2*j**2 + 11*j + j**2 + 6 - 2. Let w be x(8). Suppose 0 = -3*z - z + w. What is the remainder when 13 is divided by z?
6
Let b = -3 - -2. Calculate the remainder when -2*(-33)/22*(-35)/(-3) is divided by (-19 - b)*(-2)/4.
8
Suppose -134 = -10*f + 66. Let d(z) = -z**3 + z**2 + 7*z + 6. Let j(l) = -l - 7. Let k be j(-3). Calculate the remainder when d(k) is divided by f.
18
Let q(c) = 3*c**3 - 2*c**2 + 2*c - 1. Let l be q(1). Calculate the remainder when 14456/234 + l/9 is divided by 16.
14
Let z = 25 + -5. Let s be (-1)/(2*3/(-12)). Suppose -5*n + 2*i = -447 + 58, -2*i - 152 = -s*n. Calculate the remainder when n is divided by z.
19
Suppose u - 1276 = 5*y, 4*y + y + 5044 = 4*u. Suppose -95 = 9*g - u. Calculate the remainder when g is divided by -1*(2 - 0) - -35.
30
Suppose 0 = -5*a + 4*x - 24 + 2, x + 3 = -3*a. Calculate the remainder when 35 is divided by 0 + a + ((-30)/(-3) - -4).
11
Suppose 0 = -m - k + 26, 0*m - 2*k - 98 = -4*m. Calculate the remainder when 83 is divided by m.
8
Let s = 0 - 2. Let j = s + 7. Calculate the remainder when 2 + (-22)/12 - 6622/(-516) is divided by j.
3
Let u be (-79)/3 + (-12)/18. Let t = u - -37. Let o = 12 + -8. Calculate the remainder when t is divided by o.
2
Suppose -2*r + 72 = -18. Let s = r - -33. What is the remainder when s is divided by 16?
14
Let x = 68 - -197. Calculate the remainder when x is divided by 90.
85
Suppose -3*s = -0*x + 5*x - 31, 2*x - 3*s - 25 = 0. Calculate the remainder when ((-232)/12)/((4/3)/(-2)) is divided by x.
5
Let a be 4/(-8) + 12/(-8). What is the remainder when 8 is divided by ((-72)/(-16) + -4)*(-8)/a?
0
Calculate the remainder when 136 is divided by ((-24)/(-28))/((-24)/(-560)).
16
Suppose -3*q = -2*t - 4, t + 3 = q + 2*t. Suppose -q*c - 559 = -15*c. What is the remainder when 213 is divided by c?
41
Suppose -3*y + 92 = -y. Let m(s) = 2*s + 41. What is the remainder when y is divided by m(-8)?
21
Suppose 10*h = 1333 + 697. Calculate the remainder when h is divided by 92.
19
Let p be 90 + 0*1/(-1)*1. Suppose 5*a - 5*w = -w + p, a + 3*w + 1 = 0. Let y(s) = -s + 1. What is the remainder when a is divided by y(-4)?
4
Let x(p) = p**3 + 9*p**2 + 10*p + 49. What is the remainder when x(-7) is divided by 31?
15
Let t(z) = -12*z - 7. Let c be t(-3). Let d = 37 - c. What is the remainder when d is divided by 3?
2
Let i = -451 - -470. What is the remainder when 415 is divided by i?
16
Suppose 4975 + 2913 = 29*k. What is the remainder when k is divided by 28?
20
Let b = -306 - -414. Calculate the remainder when b is divided by 14.
10
Let m(t) = 3*t - 10. Let x be m(8). Let c(o) = -8*o + 28. Let i be c(3). Suppose i*s - 290 = x. Calculate the remainder when s is divided by 26.
24
Suppose 99 = -5*x - 186. Let c = -22 - x. What is the remainder when c is divided by 12?
11
Suppose -15*l = -10*l - 20. Suppose 3*g - l*y = g + 38, -4*y + 57 = 3*g. Calculate the remainder when 33 is divided by g.
14
Suppose 0 = -5*y - 3*n + 91 + 144, -3*y - 2*n + 140 = 0. Suppose 0 = -2*l - y + 64. Calculate the remainder when 39 is divided by l.
4
Let q(h) = -h**3 + h**2 + h + 2. Suppose 9*f = 8*f - 8. Let z = -6 - f. What is the remainder when z is divided by q(0)?
0
Suppose -7*m - 74 = -375. Let q = 13 - 8. Let n = m + q. Calculate the remainder when n is divided by 13.
9
Let c(q) = -9*q - 34. Suppose -f - 4*d + 67 = 0, 3*f - 370 = d - 143. What is the remainder when f is divided by c(-5)?
9
Suppose -37*g + 31*g + 1350 = 0. Calculate the remainder when g is divided by 49.
29
Let n = -367 + 387. Calculate the remainder when 57 is divided by n.
17
Let x be (57/4)/(6/16). Let t(l) = l**3 - 5*l**2 + 3*l + 9. Let z be t(4). Suppose -7*h + z*h = -x. Calculate the remainder when h is divided by 10.
9
Calculate the remainder when 136/612 - 4336/(-9) is divided by 44.
42
Suppose 7 = f + 3. Suppose 0 = f*v - v - 5*r - 59, -v + 29 = 3*r. What is the remainder when 50 is divided by v?
4
Calculate the remainder when 4/(-10) + (6564/(-20))/(-3) is divided by 22.
21
Suppose -5*w = -3*l - 714, -338 + 1048 = 5*w - 5*l. Let p = 266 - w. What is the remainder when p is divided by 25?
22
Let q(k) = 2*k**3 + 15*k**2 + 8*k + 13. Suppose l + 5*a + 7 = 0, -5*a + 0*a = -4*l - 28. What is the remainder when 18 is divided by q(l)?
0
Let i = -1058 - -1163. Calculate the remainder when i is divided by 16.
9
Calculate the remainder when 205 is divided by (-76944)/(-1456) - 4/(-26).
46
Suppose -k - c = 2*k - 424, -427 = -3*k - 4*c. Suppose -3*d - k = -5*n, -d = -2*n - 0*n + 56. Let u = 41 - n. Calculate the remainder when 27 is divided by u